 = 4*f. List the prime factors of f.
2, 7
Let y be (120/9)/(2/12). Suppose 6*m = 2*d + 9*m - 72, 3*d + 3*m = 108. Let s = y - d. What are the prime factors of s?
2, 11
Suppose 4*u + 6 = -b + 15, -b - 1 = -u. Let r = 15 - 10. Suppose r*c + u*h = 2*c + 15, -h = -c + 10. What are the prime factors of c?
7
Let c = 3310 - 1193. List the prime factors of c.
29, 73
Suppose -4*s = -4*q - 84, -11 + 2 = -3*q. Let j = 35 - s. List the prime factors of j.
11
Suppose 0 = -3*z + 6 + 15. Suppose 2*o - 3*h + z = 2*h, 10 = o + 2*h. Suppose 0 = -4*j - 4*m + 288, m = -o*j - 2*m + 283. What are the prime factors of j?
67
Let b be 4/16*-1*-556. Suppose -x + 719 = 5*m, m - x = -0*m + b. List the prime factors of m.
11, 13
List the prime factors of (19/(-3))/(3/(-279)).
19, 31
Suppose 24*u = 84 + 36. Let l be 18/4 - 2/(-4). Suppose -l + 4 = d, -3*n + u*d + 209 = 0. What are the prime factors of n?
2, 17
Let v = 2 - 19. Let m = v + 23. Suppose -b + l = -50, -b + m*b - l - 234 = 0. What are the prime factors of b?
2, 23
Let x = -1710 - -1925. What are the prime factors of x?
5, 43
Suppose 5*t = 3*t + 16. What are the prime factors of (44/t)/((-3)/(-6))?
11
Suppose 0*a = a. Suppose a*t + 2*s = -2*t + 22, 0 = 5*t - s - 37. Suppose -10 = -l + t. What are the prime factors of l?
2, 3
What are the prime factors of ((-996)/(-8))/(4/8)?
3, 83
Let h = 9 - 12. List the prime factors of ((-2)/h)/((-4)/(-180)).
2, 3, 5
Let l = 14 + -4. Let g be (1/(-1))/(l/(-50)). Suppose g*m - 41 = z, -3*m + 3*z + z + 11 = 0. What are the prime factors of m?
3
Let v = 43 + -24. Suppose v = 3*o - 3*z - 38, 3*o - 5*z - 67 = 0. List the prime factors of o.
2, 7
Let u = 995 - -396. What are the prime factors of u?
13, 107
Let r(x) = x**3 + 7*x**2 - 3*x - 13. Let k(d) = -2*d**3 - 13*d**2 + 6*d + 25. Let g(o) = -3*k(o) - 5*r(o). List the prime factors of g(-3).
2
Suppose 4*x - 5 - 7 = 0. Suppose d - v = 7, -x*d + 6*d - 5*v - 31 = 0. Suppose d*i - 6*i + 76 = 0. What are the prime factors of i?
19
Suppose 0 = v + 2*i - 639 - 346, 0 = -3*i + 3. List the prime factors of v.
983
Let w = 46 - 22. Let q(d) = -d**2 + 28*d + 9. List the prime factors of q(w).
3, 5, 7
Suppose 3*v = 4*h, 2 - 5 = 3*h - 3*v. Suppose 3*j - 24 = -h*z, -2*z = 2*z + 20. List the prime factors of j.
13
Let c = -384 - -670. Suppose -4*m + 2*t + 292 = 0, -3*m - 5*t = -7*m + c. What are the prime factors of m?
2, 37
List the prime factors of 50/(-4)*(-3978)/65.
3, 5, 17
Let i(h) = 20*h**2 - 61*h + 597. List the prime factors of i(12).
3, 5, 61
Let m(z) be the second derivative of z + 0 + 1/6*z**3 + 5/2*z**2 + 1/4*z**4. What are the prime factors of m(4)?
3, 19
Let j(a) = a**2 - 9*a + 6. Let r be j(8). Let i(c) = -10*c - 1. List the prime factors of i(r).
19
Suppose 0 = 5*t - 5*d - 375, 0 = 4*d - 4 - 0. Let p = -54 + t. Suppose 3*y - 4*y = -p. What are the prime factors of y?
2, 11
Let v = -39 - -341. What are the prime factors of v?
2, 151
List the prime factors of (-25 + -3)/((-17)/578).
2, 7, 17
Let o = -552 - -609. List the prime factors of o.
3, 19
Suppose -259*i + 251*i + 30408 = 0. List the prime factors of i.
3, 7, 181
Let b(g) = -g + 8. Let l be b(0). Suppose -l*o + 9*o = 114. What are the prime factors of 30/(-12)*o/(-15)?
19
Let v be -6*(35/(-15) - -3). List the prime factors of v - (-4 + 4 - 35).
31
What are the prime factors of (-10 - -2749) + (-3 - (3 + -5))?
2, 37
Let b(h) = 6*h**2 + 19*h - 4. Let t be b(-9). Suppose -t = -7*x + 165. What are the prime factors of x?
2, 17
Let s = 1588 + -436. Suppose 3*t = -3*m + 864, 7*m - 3*m = t + s. What are the prime factors of m?
2, 3
Suppose 3*l + 3*y = -0*y + 927, l - y - 307 = 0. What are the prime factors of l?
2, 7, 11
Suppose 5*q = -z + 19, -2*q - 1 = -z - q. Suppose -j - z + 6 = 0. What are the prime factors of j?
2
Suppose -13*d = -6*d - 7791. List the prime factors of d.
3, 7, 53
Let d be 3/(-1) + (-54)/(-1). List the prime factors of (d/5)/(1/10).
2, 3, 17
Let s = 9092 - 4398. List the prime factors of s.
2, 2347
Let g(q) = -4*q - 26. List the prime factors of g(-12).
2, 11
Let x = 950 + -323. What are the prime factors of x?
3, 11, 19
Suppose 16 + 4 = 4*r. Suppose v = -0*v + r. Suppose v*l + 32 = 242. List the prime factors of l.
2, 3, 7
Let s(v) = 204*v**3 + v**2 + 6*v + 15. What are the prime factors of s(3)?
2, 3, 5, 37
Let y(p) = 2*p**2 - 3*p - 7. Suppose -51 + 20 = -5*c + n, 2*c + 5*n = 34. List the prime factors of y(c).
2, 5, 7
Suppose 5*p - 5078 = 128*j - 125*j, 5079 = 5*p - 4*j. What are the prime factors of p?
5, 7, 29
Let k = -123 + 115. Let n(z) = 4 - 3*z + 2*z + z**3 - 3*z + 8*z**2. What are the prime factors of n(k)?
2, 3
Suppose 3 = l + 1. Suppose m = 5*f + 4*m + 6, l*f + 2 = -m. Suppose f = -k + 6*k - 35. What are the prime factors of k?
7
Let q = -1019 + 1550. List the prime factors of q.
3, 59
Let t be 2*(-4)/16*-10. Let y = -5 + 7. Suppose -4*o = c + y*c - 64, t*o = 5*c + 115. What are the prime factors of o?
19
Let p be ((-11)/2)/((-1)/44). Suppose k + 3*q = p, -4*k + 3*q + 457 = -511. List the prime factors of k.
2, 11
Let x be 20*1/2 - -2. Let i = 8 - x. Let j(v) = -6*v. What are the prime factors of j(i)?
2, 3
Suppose -41 = -5*l + 884. List the prime factors of l.
5, 37
Let q(i) = -144*i - 269. What are the prime factors of q(-12)?
1459
Suppose -4*l - 14 = -3*a - 3*l, a - 4*l - 12 = 0. Suppose a*k = k - h - 8, h = 3*k + 16. What are the prime factors of -46*1/(8/k)?
23
Suppose 4*p - 4*n - 16 = 0, 3*n - 6 - 7 = -2*p. Suppose -4*o + p*c + 0*c = -2263, 5 = 5*c. List the prime factors of 4*(o/(-6))/(-7).
2, 3
Let p be 2/3*(-15)/(-2). Suppose 2*a - 4 = -0*a. Suppose -6*y + a*y + 16 = -3*m, p*m = -y + 4. List the prime factors of y.
2
Let n be 15/(-6)*(-5 + 3). Suppose n - 27 = -u. Let y = u - 2. What are the prime factors of y?
2, 5
Let g(b) = -7*b - 11. Let l(s) = -4*s - 6. Let f(m) = -4*g(m) + 9*l(m). What are the prime factors of f(-7)?
2, 23
Let a be (8 - 10)*505/(-2). Suppose 4*y + a = 9*y. What are the prime factors of y?
101
Suppose 2*k - 1 - 21 = 0. List the prime factors of k/((-308)/(-288))*(-14)/(-1).
2, 3
Let u(s) = -2*s**3 + 7*s**2 + 60*s. List the prime factors of u(-7).
3, 7, 29
Let a be 1416/(-28) - (-12)/21. Let t = 77 + a. What are the prime factors of t?
3
Let m = -5076 - -10845. List the prime factors of m.
3, 641
Suppose 0 = 9*b - 5*b - 20. Suppose 0*o + 30 = b*o. What are the prime factors of o?
2, 3
Let d(g) = g**3 + 2*g**2 - 35*g + 39. List the prime factors of d(9).
3, 5, 41
Let p(h) = h**2 + h + 6. Suppose 3*c = -3*v + c - 46, 4*v + 58 = -2*c. What are the prime factors of p(v)?
2, 3, 23
Suppose 0 = -38*b + 43*b + 240. What are the prime factors of 16/b + (-476)/(-6)?
79
Suppose -279*t - 208 = -280*t. What are the prime factors of t?
2, 13
Let a be (-6)/(-21) + 172/(-14). Let o = 14 + a. Suppose 0 = r + o*r - 51. What are the prime factors of r?
17
Let b(u) = 87*u**2 - 8*u + 1. Let s(g) = -173*g**2 + 15*g - 2. Let x(y) = -11*b(y) - 6*s(y). List the prime factors of x(-1).
2, 3, 7
What are the prime factors of 3 + 48/6 - -3152?
3163
Let n(p) = -5*p**2 + 12 + 4*p**2 - 14*p + 0*p**2. Suppose r = -5, -21*t = -16*t + 5*r + 80. What are the prime factors of n(t)?
3, 5
Let b(h) = -h + 2. Let w be b(-2). Suppose 5*c - w = 11. Suppose 5*y - 168 = -2*p, 4*y + c*p + 2*p = 131. What are the prime factors of y?
2, 17
Suppose -4*t = 4*d - 2244, t + 7*d = 2*d + 541. List the prime factors of t.
2, 283
Let i be 3/(-9) - (1 - (-146)/(-6)). Let o = i - -3. What are the prime factors of o?
2, 13
Suppose 0 = -2*f - 5*j + 16, -f + 5*f = -2*j. What are the prime factors of 42 + f*(-1 + 1 + 1)?
2, 5
Let u = 436 + -73. Suppose 0 = -4*b + 4*k + 504, 5*b + k - u = 261. List the prime factors of b.
5
Suppose -4*s = 3*o - 35, 2 = -o + 5*s + 1. Suppose o*b = 14*b - 795. What are the prime factors of b?
3, 53
Let d = 33 + -33. Suppose d*p = -p. Suppose n - a = 7, 4*n + 3*a - 5 - 9 = p. List the prime factors of n.
5
Let r(z) = 23*z**2 + 6*z + 13. What are the prime factors of r(6)?
877
Let g = 166 - 14. Suppose -2*y + g - 34 = 0. Suppose 2*v - 5*u = -0*v + 25, 4*v = u + y. List the prime factors of v.
3, 5
Let a(n) = -n**2 + n + 2. Let b be a(2). Let w be b*(-2)/4 + 52. Suppose -z = 3*z - w. What are the prime factors of z?
13
Suppose -5*c = t - 31, -5*c 